99. Let o be d(10). Let x = -6 + 61. Calculate the highest common divisor of o and x.
11
Let j = 15 - 9. Let s = j - 5. Suppose -2*t - 5*z + 37 = 0, 44 + 15 = 4*t + 5*z. What is the highest common divisor of s and t?
1
Let a = 197 - 120. Let y = -28 + 41. Let w = y + -2. What is the greatest common divisor of a and w?
11
Let s = -14 - -17. Suppose 0 = s*v + 7*z - 6*z - 99, 0 = 5*z. Calculate the highest common divisor of 3 and v.
3
Suppose -2*f + 7*v - 3*v - 22 = 0, 5*v = 3*f + 31. Let g = f + 29. Calculate the highest common factor of g and 55.
11
Let x be (46/5 - 2)*5. Calculate the greatest common factor of 12 and x.
12
Let r be 9/6*(-2 + 4). Calculate the highest common factor of r and 1.
1
Let j = 2 - 7. Let f = j - -8. What is the greatest common factor of 3 and f?
3
Let z(o) = 8*o - 8*o + 18*o**2. Let v be z(1). Let f(y) = 3*y - 3. Let s be f(4). What is the highest common divisor of v and s?
9
Let z be ((-6)/4)/(3/(-4)). Let x = z + 11. Calculate the highest common factor of x and 39.
13
Suppose 5*l + 4*k - 60 = 0, 3*l - 6*k - 36 = -k. Calculate the greatest common factor of l and 6.
6
Let l(o) = -o**3 - 7*o**2 - 8*o - 4. Let g = 41 + -19. Suppose 2*d + g = -4*f, -2 = -2*d - 0. Let s be l(f). Calculate the highest common factor of 20 and s.
4
Let i(w) = 3*w**2 + w - 7. Let m(d) = d + 2. Let l be m(-7). Let u be i(l). Let k = -5 + 14. What is the greatest common divisor of k and u?
9
Let i(a) = -131*a + 1. Let r be i(-1). Let b(s) = -3*s**2 - 5*s + 4. Let f be b(-4). Let g = f - -36. What is the highest common divisor of g and r?
12
Suppose 890 = 4*b - 3*s, 3*b = -2*b + s + 1118. Calculate the greatest common factor of b and 28.
28
Let f = 3 - -2. Let h be (28/(-21))/((-8)/30). What is the greatest common factor of h and f?
5
Let z(u) = -4*u**3 - 3*u**2 - 5*u - 5. Let l be z(-2). Calculate the greatest common divisor of l and 25.
25
Let d(j) = -j + 5 + 7*j**2 - j - 6*j**2. Let r be d(7). What is the greatest common divisor of 16 and r?
8
Suppose 7*h = 4*h + 15. Calculate the highest common divisor of h and 40.
5
Suppose -u - 2*t = -1, t = -5*u - 1 - 3. Let q be u - (9*-1 + 3). Suppose 2*h - h = -q*i - 22, -5*h - 10 = 5*i. What is the highest common divisor of h and 30?
3
Let x = 10 + -3. Suppose 3*d - x*a - 40 = -3*a, 4*d + 4*a - 16 = 0. What is the greatest common divisor of d and 16?
8
Suppose -4*i + 0*i = 3*l - 59, -3*l = 9. Calculate the greatest common divisor of 136 and i.
17
Let s(a) = -a**3 + 3*a**2 - 3*a + 5. Let j be s(2). Suppose 5*m = -j + 178. Calculate the highest common factor of 14 and m.
7
Let o = 110 - 102. What is the highest common factor of 88 and o?
8
Let w = 16 - 9. What is the greatest common factor of w and 14?
7
Suppose 3*l - k - 11 = 2*l, -l = 2*k + 4. Calculate the highest common divisor of l and 4.
2
Let i(q) = q**3 + 5*q**2 - q + 4. Let w be i(-5). Calculate the greatest common divisor of 36 and w.
9
Let u(f) = -f**2 + 12*f + 6. Let p be u(12). Let t(x) = 3*x**2 + 1. Let k be t(-3). Suppose k = 4*l - 32. What is the greatest common factor of p and l?
3
Let w be (0 + -5)*24/(-20). Suppose 2*g + 0*g - 2*f = 0, g = -f + w. What is the highest common divisor of 1 and g?
1
Suppose -3*c + 2*k + 3 = 3*k, -4*c - 1 = 3*k. Let p be (18/(-15))/(c/(-120)). Calculate the greatest common divisor of p and 8.
8
Let v be (4 + -1 + 2)/(100/40). Let t(l) = l**3 + 5*l**2 + 3*l - 2. Let o be t(-4). Calculate the highest common factor of o and v.
2
Let r(z) = -5*z - 65. Let a be r(-16). What is the highest common divisor of 75 and a?
15
Let q be -20*(21/(-6) + 3). Let g be q/(-4)*(-20)/5. Calculate the highest common divisor of g and 80.
10
Let j be 1/((8/102)/4). Suppose 2*a = -4*d + 72, j = 3*d + a - 1. What is the greatest common factor of d and 48?
16
Let h(s) = 2*s**2 - 2*s + 1. Let g be h(2). Suppose -r = x - 9, -g*r + 0*r + 2*x = -38. What is the highest common factor of 16 and r?
8
Suppose 0 = 4*l - 8*l + 16. Calculate the greatest common factor of 16 and l.
4
Suppose 0 = -0*u + 3*u - 627. Suppose v - 2*v + 41 = -l, 5*v - 4*l - u = 0. Let b be (v/10)/(3/16). Calculate the highest common factor of 16 and b.
8
Suppose g = 2*x - 19, 3*g = 5*g + 2. Let o = x - 5. Suppose -l + 2*l = o*v - 85, v = 2*l + 23. What is the greatest common divisor of 3 and v?
3
Let d = -1 - -5. Suppose -6 + 18 = d*p. Calculate the greatest common factor of 24 and p.
3
Suppose 2*r + 2*t + 0*t - 52 = 0, 4*r + 3*t - 100 = 0. Suppose -r = -2*w + 2*j + 2*j, -4*w + 39 = -3*j. What is the greatest common divisor of w and 6?
3
Let h(g) = 2*g**2 + 35*g - 51. Let t be h(-19). Let j = -58 - -112. Calculate the greatest common divisor of t and j.
6
Let a(l) = l + 3. Let k be a(6). Suppose 5*c - k = 6. Suppose c*o = 4*o - 2. What is the greatest common factor of o and 18?
2
Let b be 8/(-12) + 623/3. What is the highest common factor of b and 9?
9
Let b = 1 + -1. Suppose 6*m - m = b. Suppose m = 3*z - 2*z - 14. Calculate the greatest common factor of 126 and z.
14
Let p(n) = 4*n**2 + 4*n - 3. Let g be p(6). What is the highest common divisor of 15 and g?
15
Suppose 0 = 12*p + 489 - 1617. Calculate the highest common divisor of 47 and p.
47
Suppose 4*t = 4*z + 28, -3*t - 3*z = -8 - 31. Suppose p = 14 + t. What is the highest common divisor of 24 and p?
24
Suppose -p + 8 = 3*x - 4, -2*x = 3*p - 22. Let n be -1*3/p*4. Let a be -10*(-1)/n*-2. What is the greatest common divisor of a and 25?
5
Suppose b - 120 = -b + 4*g, 4*b = -5*g + 175. Suppose -22 = -2*v - 2. Calculate the greatest common divisor of b and v.
10
Suppose -2*k - 308 = -4*k. Let x be 43/5 - (-9)/(-15). Suppose -3*u = -x*u + 70. Calculate the highest common factor of u and k.
14
Let d(s) be the first derivative of -39*s**2/2 + 2*s - 1. Let z be d(-2). What is the greatest common factor of z and 10?
10
Suppose -11*p + 3*p = -104. What is the highest common divisor of 13 and p?
13
Let i = -14 - -10. Let v be (-2)/6*(-7 - i). Let j be (2/4)/((-1)/(-2)). Calculate the highest common factor of v and j.
1
Let q = 44 - 41. What is the highest common divisor of q and 2?
1
Suppose -4*u + 4*a - 7*a = -3, 22 = u + 5*a. Let p be -140*(u + 13/5). What is the highest common factor of p and 8?
8
Let p = 11 - 6. Suppose 9*f = 5*f + 60. What is the highest common divisor of f and p?
5
Let t be 3 + (3 - (-4)/(-2)). Suppose -r + t*r - 314 = -q, q = -1. What is the greatest common divisor of 21 and r?
21
Suppose 6*n = 5*n + 10. Calculate the greatest common factor of n and 50.
10
Suppose 3*o = 7*o - 300. Let l = -11 + 36. Calculate the greatest common factor of l and o.
25
Let g be 171/(-38)*(-8)/6. Suppose 0 = -5*m + 14 + 1. Suppose -93 = -2*t + m*s, 0*s - s - 3 = 0. What is the greatest common factor of g and t?
6
Suppose 3*f = -2*u + 2*f + 9, -4*f - 24 = -2*u. Suppose 0 = 3*v - 11 - 25. Calculate the highest common factor of v and u.
6
Suppose -6*i = -2*i - 72. Suppose -3*q - 2*q + 225 = 0. What is the greatest common divisor of q and i?
9
Suppose 3*p = 61 - 13. What is the greatest common divisor of p and 4?
4
Suppose 3*x + 0 - 49 = -2*f, 54 = 3*f - 2*x. Calculate the highest common divisor of f and 60.
20
Let v be (64/36*-3)/(6/(-9)). What is the highest common divisor of 256 and v?
8
Let u = -31 - -46. Let h = u + -3. Suppose -5*x + 74 = 4*j, 5*j + h = x + 3*j. Calculate the highest common factor of x and 35.
7
Let q = -134 + 143. What is the highest common factor of 99 and q?
9
Suppose 7 - 1 = -h. Suppose t = -v - 7, -t - 5 = -0*t + 2*v. Let p = h - t. Calculate the highest common divisor of 24 and p.
3
Suppose -v - v + 4 = 0. Calculate the greatest common divisor of 2 and v.
2
Let g = -13 + 189. Suppose 2*b - 2 = k, 4*b = 26 - 6. Let n = 24 - k. Calculate the greatest common factor of g and n.
16
Suppose 12*j = 13*j - 29. Suppose -j + 239 = 5*g. What is the highest common divisor of 6 and g?
6
Let n(t) = t**2 - 4*t - 10. Let q be n(-6). What is the highest common divisor of 125 and q?
25
Let f = -205 - -145. Let y be ((-6)/(-9))/((-8)/f). Calculate the highest common divisor of y and 45.
5
Let i(p) = -6*p. Let m be i(-3). Calculate the highest common divisor of 2 and m.
2
Suppose -6*x = -2*x, 3*x = 2*r - 14. Suppose -r*a = -3*a - 112. Calculate the greatest common factor of 42 and a.
14
Suppose -z - 2*g = 3*z